5, what is -9d + 5?
-98
In base 10, what is 36 - -3?
39
In base 3, what is 10 - -100000?
100010
In base 6, what is -2332 - 2?
-2334
In base 4, what is -1330 - 101?
-2031
In base 15, what is -34 - -16?
-1d
In base 5, what is -1104 + 1?
-1103
In base 15, what is -a - -281?
276
In base 2, what is 10 + 1000000?
1000010
In base 12, what is -194b + 2?
-1949
In base 6, what is -530305 - 2?
-530311
In base 7, what is -26 - 34?
-63
In base 13, what is -4 + -4?
-8
In base 10, what is -3 - 75?
-78
In base 9, what is -31 + 5?
-25
In base 6, what is -122 - -12?
-110
In base 14, what is -19a - 18?
-1b4
In base 4, what is -11 + 10012?
10001
In base 13, what is 0 + 2c3?
2c3
In base 5, what is 4 + 31?
40
In base 12, what is 5 - -2?
7
In base 3, what is -2111 + 11211?
2100
In base 10, what is -59 - 149?
-208
In base 9, what is 437 + 3?
441
In base 6, what is 140 - 4?
132
In base 12, what is -1761 - -3?
-175a
In base 3, what is -2102221 + -10?
-2110001
In base 14, what is -8b7 + b?
-8aa
In base 9, what is -8 - -4?
-4
In base 5, what is -210 + 32?
-123
In base 4, what is -13211 - 3?
-13220
In base 12, what is -2 + 4?
2
In base 14, what is 5 - -1a?
21
In base 7, what is 1 + 112?
113
In base 15, what is -b6 - b?
-c2
In base 3, what is -110121 + -2?
-110200
In base 11, what is 16 + 13a?
155
In base 5, what is -4 - -4234?
4230
In base 2, what is 1110011 - 11?
1110000
In base 11, what is 34 + 16?
4a
In base 9, what is -5164 + -2?
-5166
In base 16, what is 2 + -43?
-41
In base 14, what is -1a + 2c?
12
In base 11, what is -72 + -43?
-105
In base 14, what is -6 - -69?
63
In base 16, what is -17 + 49?
32
In base 6, what is -1 + 10334?
10333
In base 14, what is 171 - -4?
175
In base 3, what is -1111 - 10?
-1121
In base 12, what is -5 + 31?
28
In base 12, what is -1 + 2a?
29
In base 8, what is 7 + -65?
-56
In base 12, what is -48 - a?
-56
In base 2, what is 10011010101 - 11?
10011010010
In base 10, what is -26 - 4?
-30
In base 4, what is -2 - -1300?
1232
In base 5, what is 33 + -4?
24
In base 7, what is -4 - 15251?
-15255
In base 6, what is -40 + 5?
-31
In base 3, what is -221022 + -2?
-221101
In base 3, what is 1212 + 2221?
11210
In base 4, what is 102100 - 103?
101331
In base 10, what is 14 - -13?
27
In base 16, what is -5b - -5?
-56
In base 15, what is 43aa - -4?
43ae
In base 16, what is -3 - 4df?
-4e2
In base 9, what is 1753 - 1?
1752
In base 15, what is -ac + d?
-9e
In base 11, what is -46 + -16?
-61
In base 6, what is 1 + -2530?
-2525
In base 9, what is -23 - 14?
-37
In base 2, what is 101011110 - -11?
101100001
In base 6, what is 2 + 42?
44
In base 9, what is -1482 + 4?
-1477
In base 9, what is -1 + -3810?
-3811
In base 8, what is -4 - -15527?
15523
In base 6, what is 2 + -1051?
-1045
In base 8, what is -565 + 5?
-560
In base 6, what is 3342 - -4?
3350
In base 4, what is -300 - 3?
-303
In base 16, what is 2 + -7?
-5
In base 16, what is 8 + -1096?
-108e
In base 2, what is -11101 + 110?
-10111
In base 10, what is 108 + -4?
104
In base 3, what is 2200 + -2121?
2
In base 16, what is 1253 - 1?
1252
In base 2, what is -110001 + 10?
-101111
In base 3, what is 2 - 11201101?
-11201022
In base 5, what is -11224 + -4?
-11233
In base 4, what is -3 - 102302?
-102311
In base 11, what is 1502 - -5?
1507
In base 12, what is 0 + 18b4?
18b4
In base 10, what is 452 - 0?
452
In base 9, what is -40 + -6?
-46
In base 15, what is -40 - -3?
-3c
In base 6, what is 5351 - -2?
5353
In base 5, what is -2 - 32214?
-32221
In base 15, what is -2 - 972?
-974
In base 10, what is 439 + -4?
435
In base 8, what is -6452 - 1?
-6453
In base 14, what is -3 + 2b?
28
In base 10, what is -12 + -517?
-529
In base 16, what is 11a + -5?
115
In base 10, what is -8655 + 0?
-8655
In base 2, what is 101011 - 111101?
-10010
In base 8, what is -4027 - 2?
-4031
In base 14, what is 3 - 8?
-5
In base 4, what is 333 + -33?
300
In base 9, what is -6 - 311?
-317
In base 9, what is -10 + 56?
46
In base 16, what is -6 - 204?
-20a
In base 7, what is -6 - 45?
-54
In base 10, what is 11 + 9?
20
In base 11, what is 192 - 6?
187
In base 7, what is 1165 + -4?
1161
In base 10, what is 106 - -1?
107
In base 15, what is 0 - 1b?
-1b
In base 16, what is 2 + -b?
-9
In base 11, what is -6 - -245?
23a
In base 12, what is -1 + 11?
10
In base 15, what is 14a - 5?
145
In base 8, what is 175 + 5?
202
In base 2, what is -11101110101 + -1111?
-11110000100
In base 7, what is 1215 + 10?
1225
In base 16, what is -1b66 - 1?
-1b67
In base 5, what is -2402 - -114?
-2233
In base 13, what is -258 - 12?
-26a
In base 4, what is -22 + 11221?
11133
In base 10, what is 3 + -33?
-30
In base 10, what is 27 - -676?
703
In base 8, what is 12 - -1134?
1146
In base 14, what is 13 - -4?
17
In base 16, what is -57 - -1?
-56
In base 16, what is -1 - 922?
-923
In base 11, what is 1250 - 5?
1246
In base 15, what is 30 - e?
21
In base 4, what is -133 + 1322?
1123
In base 5, what is -1 + 134?
133
In base 5, what is 3333 - 1?
3332
In base 9, what is -1 - 27?
-28
In base 8, what is 5 - 17?
-12
In base 9, what is 1354 - -6?
1361
In base 4, what is -31 - 13011?
-13102
In base 3, what is -10 + 1011200?
1011120
In base 11, what is 5 - -65?
6a
In base 15, what is -7dd - 4?
-7e2
In base 16, what is 0 - 2c3?
-2c3
In base 14, what is 1a8 + -1b?
18b
In base 10, what is 31 - -112?
143
In base 4, what is 3300 + -111?
3123
In base 3, what is 0 - -212?
212
In base 6, what is -33031 - -3?
-33024
In base 4, what is 330 - -12?
1002
In base 7, what is -16 - 1246?
-1265
In base 15, what is -71 + -1?
-72
In base 3, what is -10012 - 11?
-10100
In base 2, what is -10001111001 + -10?
-10001111011
In base 10, what is -9 + 31?
22
In base 7, what is 14104 + 0?
14104
In base 4, what is 10 - -22?
32
In base 11, what is -2 - 1a16?
-1a18
In base 3, what is 1010 + 1?
1011
In base 5, what is 201312 + 3?
201320
In base 5, what is -21 - -12?
-4
In base 8, what is -3726 - -3?
-3723
In base 4, what is -21 + 22332?
22311
In base 15, what is -1c2 + -1?
-1c3
In base 5, what is 1 + -13223?
-13222
In base 5, what is 10 - 134?
-124
In base 3, what is 20 - 201?
-111
In base 6, what is -1055 + -32?
-1131
In base 3, what is -2020001 + 12?
-2012212
In base 3, what is -11 - -101001?
100220
In base 5, what is 321 - -3?
324
In base 11, what is -4 - -2a51?
2a48
In base 7, what is -2 - 23?
-25
In base 2, what is -101 - 10100100001?
-10100100110
In base 12, what is -295 + 0?
-295
In base 7, what is 24 + 1040?
1064
In base 11, what is -7 + -a?
-16
In base 5, what is 2 + -10202?
-10200
In base 11, what is 2 - 317?
-315
In base 16, what is 6c - 4?
68
In base 13, what is 0 - 40c?
-40c
In base 15, what is 8c + 0?
8c
In base 3, what is -1 - 10111?
-10112
In base 4, what is -32310 - 10?
-32320
In base 13, what is -1 + -19?
-1a
In base 13, what is a + 34?
41
In base 14, what is 422 - -12?
434
In base 6, what is 123 + -3?
120
In base 16, what is 7 - -2fb?
302
In base 5, what is -2 + 2?
0
In base 9, what is 2035 - 2?
2033
In base 3, what is -11 - -101110?
101022
In base 12, what is 5 - -691?
696
In base 16, what is 45 - 41?
4
In base 11, what is 5 + 59?
63
In base 12, what is -4 + 49?
45
In base 13, what is -303 + -59?
-35c
In base 10, what is 98 + -1?
97
In base 5, what is -10 + 14212?
14202
In base 3, what is -1002 + -10?
-1012
In base 9, what is 34 + 12?
46
In base 12, what is 6 + -323?
-319
In base 8, what is -136 - 5?
-143
In base 6, what is 5 + -224?
-215
In base 3, what is -21 - 2121110?
-2121201
In base 5, what is -2 - 32241?
-32243
In base 13, what is -1 - -124a?
1249
In base 11, what is 57 + -3?
54
In base 5, what is 43 - 311?
-213
In base 15, what is -4 - -6c?
68
In base 9, what is 151 + 5?
156
In base 11, what is 13 - -5?
18
In base 16, what is 6fb - -4?
6ff
In base 3, what is 10112 - -1011?
11200
In base 2, what is 101 - 1010111101?
-1010111000
In base 4, what is -100 - -3?
-31
In base 4, what is 0 + 11132?
11132
In base 14, what is -2b + -4?
-31
In base 7, what is 0 + -632?
-632
In base 14, what is -26 + -3?
-29
In base 16, what is -201 + a?
-1f7
In base 14, what is 3 + 1596?
1599
In base 7, what is 60 + 1?
61
In base 3, what is -2 - -102?
100
In base 10, what is 225 + -1?
224
In base 11, what is -814 + 7?
-808
In base 8, what is -6376 - -1?
-6375
In base 12, what is -892 + 4?
-88a
In base 8, what is 5 + 163?
170